What is the tens digit of 846?
4
What is the tens digit of 5084?
8
What is the hundreds digit of 38957?
9
What is the hundreds digit of 11975?
9
What is the thousands digit of 20101?
0
What is the tens digit of 43837?
3
What is the tens digit of 91331?
3
What is the ten thousands digit of 10494?
1
What is the units digit of 1111?
1
What is the tens digit of 5681?
8
What is the units digit of 459?
9
What is the tens digit of 1154?
5
What is the hundreds digit of 1025?
0
What is the thousands digit of 1967?
1
What is the ten thousands digit of 54751?
5
What is the hundreds digit of 10701?
7
What is the units digit of 522?
2
What is the units digit of 1064?
4
What is the tens digit of 15449?
4
What is the tens digit of 2576?
7
What is the hundreds digit of 72079?
0
What is the hundreds digit of 22727?
7
What is the units digit of 4802?
2
What is the units digit of 956?
6
What is the ten thousands digit of 30277?
3
What is the tens digit of 17336?
3
What is the units digit of 75968?
8
What is the hundreds digit of 3454?
4
What is the hundreds digit of 31858?
8
What is the units digit of 11985?
5
What is the ten thousands digit of 23280?
2
What is the hundreds digit of 328?
3
What is the units digit of 13320?
0
What is the tens digit of 55050?
5
What is the hundreds digit of 53871?
8
What is the thousands digit of 7597?
7
What is the units digit of 2602?
2
What is the thousands digit of 3271?
3
What is the tens digit of 705?
0
What is the units digit of 9941?
1
What is the units digit of 133?
3
What is the units digit of 44354?
4
What is the units digit of 147?
7
What is the thousands digit of 14642?
4
What is the thousands digit of 6324?
6
What is the thousands digit of 1810?
1
What is the tens digit of 7497?
9
What is the thousands digit of 57560?
7
What is the tens digit of 422?
2
What is the units digit of 35823?
3
What is the hundreds digit of 2014?
0
What is the thousands digit of 3160?
3
What is the thousands digit of 111427?
1
What is the hundreds digit of 25014?
0
What is the tens digit of 2295?
9
What is the units digit of 125041?
1
What is the hundreds digit of 5447?
4
What is the tens digit of 356?
5
What is the hundreds digit of 167?
1
What is the ten thousands digit of 47666?
4
What is the thousands digit of 1194?
1
What is the units digit of 10691?
1
What is the tens digit of 1423?
2
What is the units digit of 1308?
8
What is the hundreds digit of 1149?
1
What is the tens digit of 364?
6
What is the tens digit of 206?
0
What is the tens digit of 282?
8
What is the hundreds digit of 102?
1
What is the tens digit of 546?
4
What is the ten thousands digit of 34492?
3
What is the thousands digit of 1119?
1
What is the tens digit of 11082?
8
What is the ten thousands digit of 51107?
5
What is the units digit of 1535?
5
What is the units digit of 57934?
4
What is the thousands digit of 7195?
7
What is the hundreds digit of 377?
3
What is the units digit of 3694?
4
What is the tens digit of 13599?
9
What is the thousands digit of 15802?
5
What is the tens digit of 7737?
3
What is the units digit of 2586?
6
What is the tens digit of 2787?
8
What is the tens digit of 3731?
3
What is the hundreds digit of 4400?
4
What is the tens digit of 389?
8
What is the units digit of 2133?
3
What is the thousands digit of 2594?
2
What is the tens digit of 32036?
3
What is the hundreds digit of 318?
3
What is the units digit of 17139?
9
What is the ten thousands digit of 44729?
4
What is the tens digit of 13352?
5
What is the hundreds digit of 243?
2
What is the tens digit of 5288?
8
What is the ten thousands digit of 10464?
1
What is the units digit of 997?
7
What is the tens digit of 77791?
9
What is the thousands digit of 3081?
3
What is the units digit of 1736?
6
What is the units digit of 6220?
0
What is the thousands digit of 55565?
5
What is the units digit of 1181?
1
What is the units digit of 3789?
9
What is the hundreds digit of 133015?
0
What is the units digit of 586?
6
What is the thousands digit of 3964?
3
What is the tens digit of 6845?
4
What is the tens digit of 1818?
1
What is the thousands digit of 5604?
5
What is the tens digit of 31738?
3
What is the ten thousands digit of 45684?
4
What is the hundreds digit of 2566?
5
What is the units digit of 1006?
6
What is the units digit of 63611?
1
What is the ten thousands digit of 60024?
6
What is the hundreds digit of 11851?
8
What is the ten thousands digit of 27660?
2
What is the thousands digit of 29485?
9
What is the hundreds digit of 477?
4
What is the units digit of 8984?
4
What is the tens digit of 5228?
2
What is the units digit of 5645?
5
What is the ten thousands digit of 18737?
1
What is the thousands digit of 4608?
4
What is the units digit of 17747?
7
What is the units digit of 1568?
8
What is the tens digit of 30574?
7
What is the ten thousands digit of 32174?
3
What is the thousands digit of 1412?
1
What is the units digit of 79671?
1
What is the thousands digit of 1415?
1
What is the units digit of 621?
1
What is the hundreds digit of 32719?
7
What is the tens digit of 42099?
9
What is the tens digit of 1428?
2
What is the units digit of 3679?
9
What is the tens digit of 207?
0
What is the units digit of 1174?
4
What is the thousands digit of 7902?
7
What is the units digit of 73246?
6
What is the ten thousands digit of 34518?
3
What is the hundreds digit of 11905?
9
What is the units digit of 124?
4
What is the tens digit of 10260?
6
What is the tens digit of 66619?
1
What is the hundreds digit of 165886?
8
What is the ten thousands digit of 48507?
4
What is the thousands digit of 85740?
5
What is the hundreds digit of 10044?
0
What is the units digit of 109?
9
What is the hundreds digit of 17715?
7
What is the tens digit of 4600?
0
What is the thousands digit of 4085?
4
What is the thousands digit of 2528?
2
What is the ten thousands digit of 93556?
9
What is the hundreds digit of 68914?
9
What is the units digit of 3571?
1
What is the tens digit of 5895?
9
What is the thousands digit of 16002?
6
What is the ten thousands digit of 10987?
1
What is the tens digit of 989?
8
What is the units digit of 59?
9
What is the tens digit of 1285?
8
What is the hundreds digit of 4256?
2
What is the hundreds digit of 1350?
3
What is the tens digit of 109198?
9
What is the tens digit of 5486?
8
What is the tens digit of 232?
3
What is the tens digit of 19097?
9
What is the tens digit of 18371?
7
What is the thousands digit of 1544?
1
What is the hundreds digit of 684?
6
What is the thousands digit of 11175?
1
What is the tens digit of 5294?
9
What is the thousands digit of 26373?
6
What is the tens digit of 6329?
2
What is the tens digit of 50119?
1
What is the units digit of 641?
1
What is the units digit of 48102?
2
What is the thousands digit of 16310?
6
What is the ten thousands digit of 30815?
3
What is the thousands digit of 6151?
6
What is the tens digit of 18016?
1
What is the units digit of 6219?
9
What is the tens digit of 20418?
1
What is the tens digit of 3636?
3
What is the hundreds digit of 893?
8
What is the thousands digit of 23722?
3
What is the thousands digit of 33015?
3
What is the ten thousands digit of 70386?
7
What is the ten thousands digit of 39588?
3
What is the thousands digit of 5684?
5
What is the thousands digit of 87933?
7
What is the units digit of 966?
6
What is the units digit of 2731?
1
What is the thousands digit of 9767?
9
What is the hundreds digit of 2466?
4
What is the units digit of 39966?
6
What is the hundreds digit of 2509?
5
What is the thousands digit of 8033?
8
What is the hundreds digit of 393?
3
What is the units digit of 3177?
7
What is the thousands digit of 5782?
5
What is the units digit of 1965?
5
What is the tens digit of 1457?
5
What is the hundreds digit of 91284?
2
What is the tens digit of 2168?
6
What is the ten thousands digit of 20965?
2
What is the units digit of 33693?
3
What is the hundreds digit of 1541?
5
What is the hundreds digit of 1618?
6
What is the hundreds digit of 1445?
4
What is the tens digit of 12012?
1
What is the units digit of 290?
0
What is the tens digit of 810?
1
What is the thousands digit of 4931?
4
What is the ten thousands digit of 79452?
7
What is the thousands digit of 13967?
3
What is the tens 